 tens digit of m?
1
Let d(f) = -2*f - 21. Let s be d(-12). Suppose -s*h = 5*h - 296. What is the units digit of h?
7
Let x be 2*2 + (0 - 2). Suppose j + 147 + 162 = 4*l, l = -x*j + 84. Suppose -4*y = -y - l. What is the units digit of y?
6
Let r = 107 + -29. Suppose 18 + r = 2*c. Suppose -6*d = -3*d - c. What is the units digit of d?
6
Let f(l) = -9*l - 2. Let j be 2*-2*2/(-4). Suppose 2 = j*m - 2*p - p, 2*m + 14 = -5*p. What is the units digit of f(m)?
6
Let q = -192 - -187. Let m = -9 + -3. Let y = q - m. What is the units digit of y?
7
Suppose -1048 = 11*f - 7*f. What is the units digit of 0 - (-4)/12 - f/6?
4
Let y(g) be the second derivative of -g**5/20 + 5*g**4/6 - 7*g**3/6 + 5*g**2/2 - g. Let u(q) = q + 1. Let a be u(8). What is the tens digit of y(a)?
2
Suppose 0 = -2*v + 335 + 379. What is the tens digit of v?
5
What is the hundreds digit of ((-14619)/55)/(12/(-40))?
8
Let x = 205 - 138. Let v = 125 - x. What is the tens digit of v?
5
Let p(n) = -n**3 + n**2 - 11*n - 3. What is the hundreds digit of p(-5)?
2
Suppose 11 = -2*n + 4*n + a, -4*a = 5*n - 35. Suppose -365 = -3*f + m, n*f - 4*f + 123 = m. Let d = f - 50. What is the tens digit of d?
7
Let a(w) be the third derivative of -w**7/5040 + w**6/180 - w**5/10 + 3*w**2. Let x(t) be the third derivative of a(t). What is the units digit of x(-7)?
1
What is the units digit of (-2 + (-11448)/8)*-1*4?
2
Let a be -2*(-7)/(-2)*-28. Suppose u + u + 2*m - a = 0, -m = 2*u - 193. What is the units digit of u?
5
Suppose 0 = 2*a - 5*h + 4, -3*a + 11 = 5*h - 8. Let y = 0 + a. What is the units digit of (y/9)/(1/48)?
6
Let k be 292 + 3/(15/5). Suppose -13 = -4*h + 7, 2*d - k = -h. What is the hundreds digit of d?
1
Let g = 11 - 5. Suppose g = -0*j - j + 2*n, 2*j + 2*n + 6 = 0. What is the units digit of (-27)/(-2) - j/8?
4
Let k(d) = -3 + 3*d + 21*d**2 - 9*d**2 - 10*d**2. Let s(w) = -w**3 - 11*w**2 - 9*w + 5. Let b be s(-10). What is the units digit of k(b)?
2
Let f = -340 - -721. What is the units digit of f?
1
Let t be (-6 + 5)/((-2)/1024). What is the units digit of (-2)/(t/(-508) - -1)?
4
Let a be 2400/11 + (0 - (-10)/(-55)). Suppose 3*f = a + 256. What is the hundreds digit of f?
1
Let g(u) = u - 3. Let h be g(7). Let b = h + 14. Let q = b + 9. What is the units digit of q?
7
Let r(x) = -1699*x + 66. What is the units digit of r(-2)?
4
Suppose -2011 = -27*f + 2147. What is the units digit of f?
4
Let b(v) = v + 11. Let d be b(-12). What is the units digit of 1 + d/1 + -1 - -37?
6
Let f(y) = 120*y + 112. What is the units digit of f(7)?
2
Suppose -2*p - 5*q + 4*q + 19 = 0, 3*p - 26 = q. Let t = p - 7. Suppose t*g + 2 = 16. What is the units digit of g?
7
Suppose 0 = -4*t + 4*v + 460, 2*t - 5*v - 91 = 124. Let i = -78 + t. What is the tens digit of i?
4
Let c(w) = 10*w - 72. Let n be c(8). Suppose n*p + 125 - 677 = 0. What is the units digit of p?
9
Suppose -k = -4*d + 710, d + 3*d = -3*k + 718. Suppose 4*v + 2*a - d = 0, 0 = 5*v - 2*a - 3*a - 245. What is the units digit of v?
6
Let y = -33 - -38. Suppose -3*r = 2*l - 76, r + 0 + 3 = y*l. What is the tens digit of r?
2
Suppose -60 + 522 = -3*m. Let h = 259 + m. What is the hundreds digit of h?
1
Let g = -163 + 166. Suppose -2*c - g*z + 634 = 0, c - 3*z + z - 310 = 0. What is the hundreds digit of c?
3
Suppose -59318 = -33*w - 5*w. What is the hundreds digit of w?
5
Let p(a) = -a**2 - a. Let u be p(0). Let b = u + 3. Suppose f + b*g + 13 = 0, -4*g - 23 = -f - 1. What is the units digit of f?
2
Let i(r) = -2*r + 33. Let z be i(-7). Let m = 154 - z. What is the tens digit of m?
0
Let q(n) = -13*n - 3. Let a(b) = -27*b - 7. Let c(p) = -3*a(p) + 5*q(p). What is the tens digit of c(4)?
7
Let j(f) = 338*f**2 - 6*f + 6. What is the hundreds digit of j(1)?
3
Suppose 2*d + 32 = 3*b, -2*d + 5*d = 5*b - 53. Suppose 9*r - b = 4*r. Suppose -r*f + 20 = -2. What is the tens digit of f?
1
Suppose 5*o - 108 = -3*w + 535, 3*o - 383 = w. What is the hundreds digit of o?
1
Let l = 6394 + -3683. What is the tens digit of l?
1
Suppose 0*o + 9 = -3*o. Let w = o - -3. Suppose h - 3 = w, n - 4*h + 1 = -2*h. What is the units digit of n?
5
Suppose 0 = -5*n + 10, 0 = -5*v + v - 5*n + 2. Let b = 223 - v. What is the hundreds digit of b?
2
Let i = -31 + 16. What is the tens digit of (-2)/10 + (-1383)/i?
9
Let n = -382 - -79. Let c = n + 514. What is the hundreds digit of c?
2
Let s be (-2 + (-140)/(-21))/((-4)/(-174)). Suppose s = 4*m - 657. What is the tens digit of m?
1
Let f(n) = 5*n - 7. Let c be f(3). Let r(q) = -10*q - 10. Let x be r(c). Let j = 150 + x. What is the tens digit of j?
6
Let b(m) = m**3 - 6*m**2 - 3*m + 10. Let c be (-3)/(-9) - 8/(-3). Let r = c + 4. What is the tens digit of b(r)?
3
Let h(z) = -147*z + 100. What is the tens digit of h(-3)?
4
Suppose 6*w = -0 - 6. Let a(h) = -49*h - 1. Let v be a(w). Let p = v - 27. What is the tens digit of p?
2
Let h = 52 - 49. Suppose -3*b + 715 = 2*b - 5*p, -3*b - h*p = -411. What is the units digit of b?
0
Let m(k) = -k**3 - 6*k**2 - k - 1. Let v be m(-6). Suppose 10 = d - v*i, -3*i + 2*i + 78 = 3*d. What is the tens digit of d?
2
Suppose -70*y + 6474 = -57*y. What is the tens digit of y?
9
Let u(w) be the second derivative of w**4/12 - 5*w**3/3 + 25*w**2/2 + 26*w. What is the tens digit of u(17)?
4
Let s(c) = -c**3 + 7*c**2 - c - 29. Let o be s(-9). Suppose 7*x + 4*x = o. What is the tens digit of x?
1
Let b = -618 + 1218. What is the hundreds digit of b?
6
Suppose 0 = 3*n + j - 4268, -94*j + 7110 = 5*n - 93*j. What is the tens digit of n?
2
Let r be -2 + (-80)/(-45) - 848/(-9). Let s = r + 27. What is the hundreds digit of s?
1
Suppose 0 = -2*d - 21 + 7. Let a = d - -12. Suppose 8*x - a*x = 96. What is the tens digit of x?
3
Suppose -o - 15 = -22. Let r(w) = 2*w**2 - 3*w - 22. What is the tens digit of r(o)?
5
Suppose 0 = 9*y + 25 - 205. Let v = 11 + y. What is the tens digit of v?
3
Suppose 14 = -5*s + 4, 2*m = 2*s - 216. What is the tens digit of (m/15)/((-6)/63)?
7
Let h(s) = -3*s**3 - 9*s**2 + 6*s - 12. Let u(g) = -g**3 - 1. Let c(t) = -h(t) + 4*u(t). What is the tens digit of c(7)?
6
Suppose 0 = -2*n - 4*r + 14, -4*r - 8 + 40 = 4*n. Suppose -6*t = -n*t + 99. What is the tens digit of t?
3
Let j = 13 - -2389. What is the thousands digit of j?
2
What is the units digit of 418/(-11)*15/(-2)?
5
Let d be -36*((-680)/15)/(-4). Let s = 699 + d. What is the hundreds digit of s?
2
Let t be 5/((-70)/4) + 515/(-35). Let x(o) = -14*o - 30. What is the tens digit of x(t)?
8
Let x = -972 - -1458. What is the tens digit of x?
8
Let t(g) = g**2 - 7*g + 5. Let v(z) = 2*z - 5. Let m(j) = j + 19. Let l be m(-11). Let u be v(l). What is the units digit of t(u)?
9
Let u(a) = -a**3 + 5*a**2 - 3*a + 4. Let o be u(4). Suppose -2*t = 5*j + o, -t + 2*j = j - 3. Let i = 28 - t. What is the units digit of i?
7
Let h(l) = l**2 - 10*l - 5. Let j be h(11). Suppose -j*d = -0*d - 564. What is the tens digit of d?
9
Let c = -588 + 1190. What is the units digit of c?
2
Suppose 4*x = -88*g + 84*g + 3720, -5*g - 3*x + 4644 = 0. What is the units digit of g?
7
Let t = -3 - 1. Let h(s) be the second derivative of -s**5/10 - 5*s**4/12 - s**3/2 - 2*s**2 - s + 4. What is the units digit of h(t)?
6
Suppose 26*g = -2*i + 28*g + 2136, 0 = i - 5*g - 1080. What is the hundreds digit of i?
0
Suppose -5*c - m + 1346 = 0, 3*c + 4*m = 649 + 145. Suppose 18*k - 13*k = c. What is the units digit of k?
4
Let w(g) = g**3 + 4*g**2 + g - 1. Suppose 4*q - 2*n = n + 21, -2*q - 3 = 3*n. Suppose 3*f - 2*z = f - 8, -q*f = -2*z + 11. What is the units digit of w(f)?
5
Suppose p - 30 = s - 8, 9 = -3*p. Suppose -5*h = -5*z - 205, -3*h + 0*h + 126 = -2*z. Let j = s + h. What is the tens digit of j?
1
Let o(w) = -w**2 + 10*w + 19. Let x be o(10). Let v = x + -7. What is the tens digit of v?
1
Suppose 6860 = 613*q - 606*q. What is the tens digit of q?
8
Let n be (-3 + -1)*36/16. Let w be -5*(n/5 - -3). What is the units digit of (-2)/w - 16/(-6)?
3
Let o(c) = 1 - 3*c**2 + 2*c**2 + 0 - 2*c. Let u(t) = -t**2 + t + 10. Let l be u(-3). What is the units digit of o(l)?
1
Let u be (2 + -10)/(1/(47*-2)). What is the tens digit of (u/80)/(1/(-5)*-1)?
4
Suppose 1314 = 4*s - 2*p, 3*s + p = -0*s + 998. Let d = 535 - s. What is the tens digit of d?
0
Suppose 233 = 2*b - 1101. What i